 + 2*b**2 - b - 2. Let p be x(-2). Suppose 2*y = -y + p. Calculate the highest common factor of 8 and y.
8
Let q be 1/(-3) + (-725)/(-15). What is the highest common factor of 12 and q?
12
Let a be 35 - (-1 + 3)/2. What is the greatest common factor of 85 and a?
17
Let v(a) be the third derivative of -4*a**4/3 - 3*a**2. Let i be v(-2). What is the highest common divisor of 8 and i?
8
Suppose 6*m - 10*m = -12. What is the highest common divisor of m and 24?
3
Let r be (-117)/(-2)*(-10)/(-3). Let s = r - 75. Calculate the highest common factor of s and 15.
15
Let c be (-7)/(-2)*112/49. Suppose 80 = 2*r - 5*o, 0 = r + 2*o + 3*o - 40. Calculate the greatest common divisor of r and c.
8
Let v = 3 + 2. Suppose v*i - 15 = -55. Let p = -2 - i. Calculate the greatest common divisor of p and 54.
6
Let h = 34 - -15. Suppose -4*x + 0*x + 16 = 0. Suppose 4*t - 32 = -i, -2*t - x*i - 5 = -5*t. What is the greatest common divisor of h and t?
7
Let r = -35 + 41. Calculate the highest common factor of r and 54.
6
Let n = 5 + -8. Let p be (n/2)/((-3)/18). Calculate the greatest common factor of 3 and p.
3
Suppose 2*p - 31 = 3*i, 19 = -p + 4*p + i. Let j = p + 6. Suppose 0 = 5*l - 43 + 8. What is the greatest common factor of l and j?
7
Let p be (-54)/(-3 + (-6)/(-4)). Suppose 2*g + g = p. Calculate the greatest common factor of 3 and g.
3
Let o = -30 + 36. Calculate the highest common divisor of o and 4.
2
Suppose -u = u + 58. Let q = u - -161. Calculate the highest common divisor of 12 and q.
12
Suppose 0*i + i - 9 = 0. Suppose -25*m = -231 + 6. Calculate the highest common factor of m and i.
9
Let s = 348 + -84. What is the highest common factor of 33 and s?
33
Let u = 4 + -2. Suppose u + 0 = -2*w - 4*s, -25 = -3*w + s. Calculate the greatest common factor of w and 56.
7
Let j be (-39)/(-9)*(-6 - -15). Calculate the highest common divisor of 13 and j.
13
Suppose -6*r = -5*r + 5*j - 307, -4*j - 4 = 0. Calculate the highest common divisor of r and 39.
39
Let o = -10 - -65. Suppose -3*s + 20 = s. What is the highest common factor of s and o?
5
Suppose 0 = 3*t - 5*f - 9 - 14, 3*t - 3*f - 33 = 0. What is the greatest common divisor of 4 and t?
4
Let m = -1 - 0. Let a be 2 - 2 - (-2 + m). Let t = a + 5. Calculate the highest common factor of 24 and t.
8
Let i(y) = y - 4*y - 8*y. Let m be i(-1). What is the greatest common factor of 44 and m?
11
Suppose 4*i - 665 + 25 = 0. Suppose -6*l + l + i = 0. Let b(j) = -j**2 + 15*j - 10. Let p be b(14). What is the greatest common divisor of l and p?
4
Suppose -5*b + 10 = 5. Let w be (-2)/(-4 - b - -3). Calculate the greatest common factor of w and 1.
1
Suppose 4*d - 31 = -11. Suppose 3*y - 35 = -d*i + 2*y, -4*i + 3*y + 28 = 0. What is the greatest common factor of 35 and i?
7
Let t be (4 - (-3 - -3))/1. Let y be (t/6)/((-4)/(-36)). Calculate the highest common divisor of 3 and y.
3
Let b(r) = r**2 + 8*r + 4. Let j be b(-8). What is the greatest common divisor of j and 16?
4
Let b(q) = -2*q + 1. Let d be b(-3). Suppose 4*n = d*n - 171. Calculate the greatest common divisor of 38 and n.
19
Let x be (-177)/(-12) - 9/12. What is the highest common divisor of 98 and x?
14
Let d(p) = -p**3 + p**2. Let x be d(2). Let j be (-174)/(-15) - x/10. What is the highest common factor of 84 and j?
12
Suppose 2*l = 0, 0 = n + 4*l - 15 - 25. Calculate the greatest common factor of n and 5.
5
Let y = 18 + -3. Let u be (-28)/5*y/(-6). Calculate the highest common factor of u and 2.
2
Let p(l) = l**2 + 2*l + 2. Let h(a) = 6*a**3 + 0*a**2 - a**3 + a**2. Let y be h(-1). Let d be p(y). Calculate the greatest common factor of d and 100.
10
Suppose 3*k - 6 = -k + x, -2 = -5*k + 4*x. What is the highest common factor of 10 and k?
2
Let n be (81 - (0 + -4))*1. Calculate the highest common factor of 17 and n.
17
Let w(x) = -3*x + 3. Let m be w(-5). What is the greatest common factor of 180 and m?
18
Suppose -4*f + 12 - 64 = -4*v, -f + 59 = 3*v. Suppose 0 = -i + 23 + 22. Calculate the greatest common divisor of v and i.
9
Suppose x + 31 = g + g, 0 = -3*g + x + 44. Calculate the highest common divisor of 117 and g.
13
Suppose -6*x + 3*x + 39 = 0. Suppose -a + 11 = -p - p, x = -a - 4*p. Let w(u) = 4*u - 4. Let f be w(a). What is the greatest common factor of 88 and f?
8
Let p = -25 + 11. Let k = p + 26. Let o be (-1)/(-4) - (-124)/16. Calculate the highest common divisor of o and k.
4
Let a(l) = -l**3 + l**2 + 2*l + 4. Let w be a(3). Let k = 6 + -11. Let n = k - w. Calculate the highest common divisor of 3 and n.
3
Let n be -1 + (1 - 0) + 54. Calculate the highest common factor of 18 and n.
18
Let c(v) = 5*v**3 + v**2 + 2*v + 1. Let p be c(2). Suppose -k + 12 = 2*o - 5, 2*o + 2*k - 20 = 0. Calculate the highest common factor of p and o.
7
Let p be (70/(-42))/((-10)/36). Calculate the greatest common factor of 2 and p.
2
Suppose 5*m + 936 = 3*n, 3*n - m - 803 - 133 = 0. What is the greatest common divisor of 52 and n?
52
Let i(l) be the first derivative of l**4/4 + 3*l**3 + 9*l**2/2 + 9*l - 1. Let d be i(-6). What is the greatest common factor of 7 and d?
7
Suppose 10 = f + f. Suppose 10*t - f*t = 75. What is the highest common divisor of 60 and t?
15
Suppose 24 = 3*u - 5*o, -32 = -u - 3*u - 2*o. Suppose 0*v + u = v. What is the highest common divisor of v and 56?
8
Let d be 23 + (2 + -3)*1. Let c(w) = 9*w**2 + 14*w. Let l be c(-4). Calculate the greatest common factor of d and l.
22
Let p(j) = 19*j + 4. Let u be p(-4). Let g = u - -172. What is the greatest common divisor of g and 10?
10
Suppose c - 2*g = 2, -g = 3*g - 4. Let t be (-1970)/(-15) + c/6. What is the highest common factor of 12 and t?
12
Suppose -4*y = 4*t - 32, -2*y = -t + 2*y - 2. Suppose -5*d + t = -3*d. Let j be d*(0 + (-8)/(-3)). Calculate the highest common factor of 32 and j.
8
Let r = 2 - -4. Let a be 3 - (8 + 0) - -59. What is the highest common factor of r and a?
6
Let w be (3 + 0)*-1 + 17. Suppose 106 = 2*s - 146. What is the highest common divisor of s and w?
14
Suppose h + 0 = 2. Suppose 7 - 19 = -h*b. Calculate the greatest common factor of 12 and b.
6
Let d be (6/8)/(4/112). Let o(z) = -z**3 - 7*z**2 + 4*z - 11. Let s be o(-8). Calculate the greatest common factor of d and s.
21
Let a = 8 - 2. Let w = a - 4. Let z(t) = 2*t**2 - 4. Let p be z(-3). Calculate the greatest common factor of w and p.
2
Suppose -2*q = 5*y - 65, -y - 60 = -6*y - 3*q. Let d = y - 5. Let b be (-6)/3 - 30/(-5). What is the greatest common divisor of b and d?
2
Let b = -128 - 16. Let o = b - -57. Let w be o/(-15) + 1/5. What is the highest common factor of w and 48?
6
Let t be (57/(-6))/(3/(-6)). Calculate the highest common factor of 38 and t.
19
Suppose -1 = k - 2, 0 = -3*d - 2*k + 164. What is the greatest common factor of 27 and d?
27
Let h(p) = p**2 - 20*p + 9. Let n be h(20). What is the highest common divisor of n and 72?
9
Let h(v) = -3*v - 41. Let y be h(-16). Let o = 33 - 23. Let j = 4 + o. What is the highest common divisor of y and j?
7
Let a(r) = -r - 6. Let q be a(-3). Let z be 58 + q - (0 + 0). Calculate the greatest common divisor of 11 and z.
11
Suppose 0 = 5*x + 3*h - 263 + 44, -4*h - 30 = -x. Calculate the highest common divisor of 168 and x.
42
Suppose 5*w + 3*f - 500 = f, 4*f + 372 = 4*w. Let y(q) = -q**2 + 14. Let m be y(0). What is the greatest common divisor of w and m?
14
Suppose -2*f + 3*d = 7*d + 8, -5*f - 3*d + 8 = 0. Calculate the highest common factor of f and 10.
2
Suppose -4*l = -2*q - 78, 2*l - 15 - 44 = -3*q. What is the highest common factor of l and 55?
11
Let w(s) = -s**3 + 3*s**2 + 6*s - 2. Let j be w(4). What is the greatest common divisor of j and 60?
6
Let q be 12/(-78) + (-1062)/26. Let a = q + 194. Calculate the highest common divisor of a and 17.
17
Let p be (-1712)/(-72) - 2/(-9). Suppose 12 = c - 5*c. Let n be (8/c)/(2/(-12)). Calculate the highest common divisor of p and n.
8
Suppose 3*c - 28 = 4*b - 10, -b = c + 1. Suppose -c*z = -27 - 9. Let i be ((-13)/(-3))/(2/z). Calculate the greatest common divisor of 13 and i.
13
Suppose -40 = -u - u. What is the greatest common divisor of u and 10?
10
Let g be 126/2*10/6. What is the greatest common factor of 21 and g?
21
Let q be -2 + 31/5 + (-6)/30. What is the greatest common divisor of q and 32?
4
Suppose 3 = 5